{"id":3323,"date":"2023-04-14T04:11:39","date_gmt":"2023-04-14T04:11:39","guid":{"rendered":"https:\/\/caresine.com\/caresine_new\/?post_type=product&#038;p=3323"},"modified":"2024-08-22T17:09:24","modified_gmt":"2024-08-22T15:09:24","slug":"kiosk-csk215-dual-borne-de-commande-selfordering-kiosk-2","status":"publish","type":"product","link":"https:\/\/caresine.com\/caresine_new\/product\/kiosk-csk215-dual-borne-de-commande-selfordering-kiosk-2\/","title":{"rendered":"KIOSK\u00a0:  CSK215-Dual Self-ordering"},"content":{"rendered":"<p><strong>CSK215-Dual Self-ordering Kiosk<\/strong><\/p>\n<p>Optimisez l&#8217;efficacit\u00e9 avec le CSK215-Dual <a href=\"https:\/\/caresine.com\/caresine_new\/product-category\/hardware\/kiosk-borne-de-commande-self-ordering\/\">Self-ordering kiosk<\/a>. Dot\u00e9 de caract\u00e9ristiques innovantes telles qu&#8217;un double \u00e9cran, un processeur J1900 quad Core2.0G et un \u00e9cran tactile capacitif. Exp\u00e9rience visuelle immersive avec un \u00e9cran LCD de 21,5 pouces LED TFT. Am\u00e9liorez votre point de vente gr\u00e2ce \u00e0 des solutions de commande autonome.<\/p>\n<p>Configuration cl\u00e9 : Processeur J1900, RAM 8 Go, SSD 128 Go, syst\u00e8me d&#8217;exploitation Windows 10 (version de test).<\/p>\n<p>&nbsp;<\/p>\n<footer>&nbsp;<\/p>\n<\/footer>\n","protected":false},"excerpt":{"rendered":"<p style=\"text-align: left;\">\u00a0Desktop double screen windows 10<\/p>\n<p style=\"text-align: left;\">J1900 quad Core2.0G<br \/>\nTouch Screen: Capacitive Screen<\/p>\n","protected":false},"featured_media":0,"comment_status":"open","ping_status":"closed","template":"","meta":{"_acf_changed":false},"product_brand":[],"product_cat":[65,69],"product_tag":[],"class_list":{"0":"post-3323","1":"product","2":"type-product","3":"status-publish","5":"product_cat-hardware","6":"product_cat-kiosk-borne-de-commande-self-ordering","7":"product_shipping_class-kiosk","9":"entry","11":"first","12":"instock","13":"sale","14":"taxable","15":"shipping-taxable","16":"purchasable","17":"product-type-simple","18":"has-product-nav","19":"col","20":"span_1_of_3","21":"owp-content-center","22":"owp-thumbs-layout-horizontal","23":"owp-btn-normal","24":"owp-tabs-layout-horizontal"},"acf":[],"_links":{"self":[{"href":"https:\/\/caresine.com\/caresine_new\/wp-json\/wp\/v2\/product\/3323","targetHints":{"allow":["GET"]}}],"collection":[{"href":"https:\/\/caresine.com\/caresine_new\/wp-json\/wp\/v2\/product"}],"about":[{"href":"https:\/\/caresine.com\/caresine_new\/wp-json\/wp\/v2\/types\/product"}],"replies":[{"embeddable":true,"href":"https:\/\/caresine.com\/caresine_new\/wp-json\/wp\/v2\/comments?post=3323"}],"version-history":[{"count":8,"href":"https:\/\/caresine.com\/caresine_new\/wp-json\/wp\/v2\/product\/3323\/revisions"}],"predecessor-version":[{"id":3702,"href":"https:\/\/caresine.com\/caresine_new\/wp-json\/wp\/v2\/product\/3323\/revisions\/3702"}],"wp:attachment":[{"href":"https:\/\/caresine.com\/caresine_new\/wp-json\/wp\/v2\/media?parent=3323"}],"wp:term":[{"taxonomy":"product_brand","embeddable":true,"href":"https:\/\/caresine.com\/caresine_new\/wp-json\/wp\/v2\/product_brand?post=3323"},{"taxonomy":"product_cat","embeddable":true,"href":"https:\/\/caresine.com\/caresine_new\/wp-json\/wp\/v2\/product_cat?post=3323"},{"taxonomy":"product_tag","embeddable":true,"href":"https:\/\/caresine.com\/caresine_new\/wp-json\/wp\/v2\/product_tag?post=3323"}],"curies":[{"name":"wp","href":"https:\/\/api.w.org\/{rel}","templated":true}]}}