{"id":3284,"date":"2023-02-17T18:38:30","date_gmt":"2023-02-17T18:38:30","guid":{"rendered":"https:\/\/caresine.com\/caresine_new\/?post_type=product&#038;p=3284"},"modified":"2024-08-22T17:09:25","modified_gmt":"2024-08-22T15:09:25","slug":"cstd1-single-screen","status":"publish","type":"product","link":"https:\/\/caresine.com\/caresine_new\/product\/cstd1-single-screen\/","title":{"rendered":"POS CSTD1 &#8211; Single Touch Screen Syst\u00e8me de point de vente \u00e0 \u00e9cran tactile de"},"content":{"rendered":"<p style=\"text-align: left;\">Color: black<br \/>\nOperation System: Windows 7\/8\/10<br \/>\nScreen: 11.6 inch touch<br \/>\nTouch Screen Type: Capacitive<br \/>\nMulti Point<br \/>\nCPU: J1900<br \/>\nHard Disk: 64GB<br \/>\nMemory: 8GB<br \/>\nWith VFD 20 bits display<br \/>\nWith build-in speaker and wifi<br \/>\nWith build-in printer 80mm<br \/>\n<strong>Interfaces:<\/strong><br \/>\nUSB*6, Internet Port*1,<br \/>\nParallel Port*1,<br \/>\nSerial Port*1<\/p>\n","protected":false},"excerpt":{"rendered":"<p dir=\"ltr\" style=\"text-align: left;\">11.6\u2019\u2019 Industrial Screen, Stable, Long Life<br \/>\nHigh Quality Touch Screen, Scratch Preventing<br \/>\nLow-power Industrial Control Board, Stable Operation<br \/>\nVertical Structure Design, Saving Space, Stable And Reliable<br \/>\nSturdy And Durable, Fast Heat Dissipation<\/p>\n","protected":false},"featured_media":3292,"comment_status":"open","ping_status":"closed","template":"","meta":{"_acf_changed":false},"product_brand":[],"product_cat":[65,80],"product_tag":[],"class_list":{"0":"post-3284","1":"product","2":"type-product","3":"status-publish","4":"has-post-thumbnail","6":"product_cat-hardware","7":"product_cat-pos","8":"product_shipping_class-pos","10":"entry","11":"has-media","13":"first","14":"instock","15":"sale","16":"taxable","17":"shipping-taxable","18":"purchasable","19":"product-type-simple","20":"has-product-nav","21":"col","22":"span_1_of_3","23":"owp-content-center","24":"owp-thumbs-layout-horizontal","25":"owp-btn-normal","26":"owp-tabs-layout-horizontal"},"acf":[],"_links":{"self":[{"href":"https:\/\/caresine.com\/caresine_new\/wp-json\/wp\/v2\/product\/3284","targetHints":{"allow":["GET"]}}],"collection":[{"href":"https:\/\/caresine.com\/caresine_new\/wp-json\/wp\/v2\/product"}],"about":[{"href":"https:\/\/caresine.com\/caresine_new\/wp-json\/wp\/v2\/types\/product"}],"replies":[{"embeddable":true,"href":"https:\/\/caresine.com\/caresine_new\/wp-json\/wp\/v2\/comments?post=3284"}],"version-history":[{"count":3,"href":"https:\/\/caresine.com\/caresine_new\/wp-json\/wp\/v2\/product\/3284\/revisions"}],"predecessor-version":[{"id":3687,"href":"https:\/\/caresine.com\/caresine_new\/wp-json\/wp\/v2\/product\/3284\/revisions\/3687"}],"wp:featuredmedia":[{"embeddable":true,"href":"https:\/\/caresine.com\/caresine_new\/wp-json\/wp\/v2\/media\/3292"}],"wp:attachment":[{"href":"https:\/\/caresine.com\/caresine_new\/wp-json\/wp\/v2\/media?parent=3284"}],"wp:term":[{"taxonomy":"product_brand","embeddable":true,"href":"https:\/\/caresine.com\/caresine_new\/wp-json\/wp\/v2\/product_brand?post=3284"},{"taxonomy":"product_cat","embeddable":true,"href":"https:\/\/caresine.com\/caresine_new\/wp-json\/wp\/v2\/product_cat?post=3284"},{"taxonomy":"product_tag","embeddable":true,"href":"https:\/\/caresine.com\/caresine_new\/wp-json\/wp\/v2\/product_tag?post=3284"}],"curies":[{"name":"wp","href":"https:\/\/api.w.org\/{rel}","templated":true}]}}