{"id":3211,"date":"2023-02-17T07:25:31","date_gmt":"2023-02-17T07:25:31","guid":{"rendered":"https:\/\/caresine.com\/caresine_new\/?post_type=product&#038;p=3211"},"modified":"2023-08-05T17:57:13","modified_gmt":"2023-08-05T15:57:13","slug":"cstm1-silver-black","status":"publish","type":"product","link":"https:\/\/caresine.com\/caresine_new\/product\/cstm1-silver-black\/","title":{"rendered":"<h1>POS CSTM1 black Dual Screen POS system &#8211; Syst\u00e8me de point de vente \u00e0 double \u00e9cran<\/h1>"},"content":{"rendered":"<ol>\n<li style=\"text-align: left;\">Operation System: Windows<br \/>\nScreen: 15.6 inch touch<br \/>\nTouch Screen Type: Capacitive<br \/>\nMulti Point<br \/>\nCPU: J1900<br \/>\nHard Disk: 64GB<br \/>\nMemory: 8GB<br \/>\nWith VFD 20 bits display<br \/>\nwith build-in speaker and wifi<br \/>\nbuild-in printer 80mm<\/li>\n<\/ol>\n","protected":false},"excerpt":{"rendered":"<p style=\"text-align: left;\">Operation System: Windows<br \/>\nScreen: 15.6 inch touch<br \/>\nTouch Screen Type: Capacitive<br \/>\nMulti Point<br \/>\nCPU: J1900<br \/>\nHard Disk: 64GB<br \/>\nMemory: 8GB<br \/>\nWith VFD 20 bits display<br \/>\nwith build-in speaker and wifi<br \/>\nbuild-in printer 80mm<strong><br \/>\n<\/strong><\/p>\n","protected":false},"featured_media":3247,"comment_status":"open","ping_status":"closed","template":"","meta":{"_acf_changed":false},"product_brand":[],"product_cat":[65,80],"product_tag":[],"class_list":{"0":"post-3211","1":"product","2":"type-product","3":"status-publish","4":"has-post-thumbnail","6":"product_cat-hardware","7":"product_cat-pos","8":"product_shipping_class-pos","10":"entry","11":"has-media","13":"first","14":"instock","15":"taxable","16":"shipping-taxable","17":"purchasable","18":"product-type-simple","19":"has-product-nav","20":"col","21":"span_1_of_3","22":"owp-content-center","23":"owp-thumbs-layout-horizontal","24":"owp-btn-normal","25":"owp-tabs-layout-horizontal"},"acf":[],"_links":{"self":[{"href":"https:\/\/caresine.com\/caresine_new\/wp-json\/wp\/v2\/product\/3211","targetHints":{"allow":["GET"]}}],"collection":[{"href":"https:\/\/caresine.com\/caresine_new\/wp-json\/wp\/v2\/product"}],"about":[{"href":"https:\/\/caresine.com\/caresine_new\/wp-json\/wp\/v2\/types\/product"}],"replies":[{"embeddable":true,"href":"https:\/\/caresine.com\/caresine_new\/wp-json\/wp\/v2\/comments?post=3211"}],"version-history":[{"count":3,"href":"https:\/\/caresine.com\/caresine_new\/wp-json\/wp\/v2\/product\/3211\/revisions"}],"predecessor-version":[{"id":3596,"href":"https:\/\/caresine.com\/caresine_new\/wp-json\/wp\/v2\/product\/3211\/revisions\/3596"}],"wp:featuredmedia":[{"embeddable":true,"href":"https:\/\/caresine.com\/caresine_new\/wp-json\/wp\/v2\/media\/3247"}],"wp:attachment":[{"href":"https:\/\/caresine.com\/caresine_new\/wp-json\/wp\/v2\/media?parent=3211"}],"wp:term":[{"taxonomy":"product_brand","embeddable":true,"href":"https:\/\/caresine.com\/caresine_new\/wp-json\/wp\/v2\/product_brand?post=3211"},{"taxonomy":"product_cat","embeddable":true,"href":"https:\/\/caresine.com\/caresine_new\/wp-json\/wp\/v2\/product_cat?post=3211"},{"taxonomy":"product_tag","embeddable":true,"href":"https:\/\/caresine.com\/caresine_new\/wp-json\/wp\/v2\/product_tag?post=3211"}],"curies":[{"name":"wp","href":"https:\/\/api.w.org\/{rel}","templated":true}]}}