{"id":3120,"date":"2022-11-11T07:54:04","date_gmt":"2022-11-11T07:54:04","guid":{"rendered":"https:\/\/caresine.com\/caresine_new\/?post_type=product&#038;p=3120"},"modified":"2024-04-23T09:15:04","modified_gmt":"2024-04-23T07:15:04","slug":"cs410-cdb","status":"publish","type":"product","link":"https:\/\/caresine.com\/caresine_new\/product\/cs410-cdb\/","title":{"rendered":"Hardware CS410-CDB Tiroir-caisse m\u00e9talique"},"content":{"rendered":"<p dir=\"ltr\" style=\"text-align: left;\"><strong>Type<\/strong>\u00a0: Tiroir-caisse, ouverture avant<br \/>\n<strong>Dimensions:\u00a0<\/strong> (LxHxP): 410x100x420mm<br \/>\n<strong>Insert<\/strong>: 4 compartiments \u00e0 billets, 8 compartiments \u00e0 pi\u00e8ces<br \/>\n<strong>Serrure :<\/strong> 2 positions<br \/>\n<strong>Connecteur imprimante :<\/strong> PDV, 24 V, RJ11, 7,7kg<\/p>\n<p style=\"text-align: left;\">\n","protected":false},"excerpt":{"rendered":"<p>Type\u00a0: Tiroir-caisse, ouverture avant Dimensions:\u00a0 (LxHxP): 410x100x420mm Insert: 4 compartiments \u00e0 billets, 8 compartiments \u00e0 pi\u00e8ces Serrure : 2 positions Connecteur imprimante : PDV, 24 V, RJ11, 7,7kg<\/p>\n","protected":false},"featured_media":3121,"comment_status":"open","ping_status":"closed","template":"","meta":{"_acf_changed":false},"product_brand":[],"product_cat":[65,81],"product_tag":[],"class_list":{"0":"post-3120","1":"product","2":"type-product","3":"status-publish","4":"has-post-thumbnail","6":"product_cat-hardware","7":"product_cat-others","9":"entry","10":"has-media","12":"first","13":"instock","14":"sale","15":"taxable","16":"shipping-taxable","17":"purchasable","18":"product-type-simple","19":"has-product-nav","20":"col","21":"span_1_of_3","22":"owp-content-center","23":"owp-thumbs-layout-horizontal","24":"owp-btn-normal","25":"owp-tabs-layout-horizontal","26":"has-no-thumbnails"},"acf":[],"_links":{"self":[{"href":"https:\/\/caresine.com\/caresine_new\/wp-json\/wp\/v2\/product\/3120","targetHints":{"allow":["GET"]}}],"collection":[{"href":"https:\/\/caresine.com\/caresine_new\/wp-json\/wp\/v2\/product"}],"about":[{"href":"https:\/\/caresine.com\/caresine_new\/wp-json\/wp\/v2\/types\/product"}],"replies":[{"embeddable":true,"href":"https:\/\/caresine.com\/caresine_new\/wp-json\/wp\/v2\/comments?post=3120"}],"version-history":[{"count":1,"href":"https:\/\/caresine.com\/caresine_new\/wp-json\/wp\/v2\/product\/3120\/revisions"}],"predecessor-version":[{"id":3131,"href":"https:\/\/caresine.com\/caresine_new\/wp-json\/wp\/v2\/product\/3120\/revisions\/3131"}],"wp:featuredmedia":[{"embeddable":true,"href":"https:\/\/caresine.com\/caresine_new\/wp-json\/wp\/v2\/media\/3121"}],"wp:attachment":[{"href":"https:\/\/caresine.com\/caresine_new\/wp-json\/wp\/v2\/media?parent=3120"}],"wp:term":[{"taxonomy":"product_brand","embeddable":true,"href":"https:\/\/caresine.com\/caresine_new\/wp-json\/wp\/v2\/product_brand?post=3120"},{"taxonomy":"product_cat","embeddable":true,"href":"https:\/\/caresine.com\/caresine_new\/wp-json\/wp\/v2\/product_cat?post=3120"},{"taxonomy":"product_tag","embeddable":true,"href":"https:\/\/caresine.com\/caresine_new\/wp-json\/wp\/v2\/product_tag?post=3120"}],"curies":[{"name":"wp","href":"https:\/\/api.w.org\/{rel}","templated":true}]}}