{"id":3105,"date":"2022-11-09T21:16:17","date_gmt":"2022-11-09T21:16:17","guid":{"rendered":"https:\/\/caresine.com\/caresine_new\/?post_type=product&#038;p=3105"},"modified":"2024-04-23T09:15:04","modified_gmt":"2024-04-23T07:15:04","slug":"imprimante-cs808w-receipt-printer","status":"publish","type":"product","link":"https:\/\/caresine.com\/caresine_new\/product\/imprimante-cs808w-receipt-printer\/","title":{"rendered":"CS808W Receipt Printer \/ Imprimante WIFI"},"content":{"rendered":"<h1><a href=\"https:\/\/caresine.com\/caresine_new\/product-category\/hardware\/printers\/\"><strong>Imprimante<\/strong> CS808W \/ Imprimante de Re\u00e7u WIFI<\/a><\/h1>\n<table dir=\"ltr\" width=\"863\">\n<tbody>\n<tr>\n<td width=\"226\">\n<p dir=\"ltr\"><strong>M\u00e9thode d&#8217;Impression<\/strong><\/p>\n<\/td>\n<td dir=\"ltr\" width=\"635\">Impression thermique \u00e0 ligne<\/td>\n<\/tr>\n<tr dir=\"ltr\">\n<td width=\"226\"><strong>Caract\u00e8res d&#8217;Impression<\/strong><\/td>\n<td width=\"635\">576 points\/ligne (par d\u00e9faut), 512 points\/ligne;<br \/>\nCaract\u00e8res : Chinois simplifi\u00e9 24&#215;24 points, biblioth\u00e8que de polices 18030, police traditionnelle Ta\u00efwan et HK (police complexe), caract\u00e8res ANK;<\/td>\n<\/tr>\n<tr dir=\"ltr\">\n<td width=\"226\"><strong>Police<\/strong><\/td>\n<td width=\"635\">A : 12*24 points, 1,5(l)*3,0(H)mm;<br \/>\nB : 9*17 points, 1,1(l)*2,1(H)mm<br \/>\nSimplifi\u00e9\/Traditionnel : 24*24 points, 3,0(l)*3,0(H)mm<\/td>\n<\/tr>\n<tr dir=\"ltr\">\n<td width=\"226\"><strong>Type de Code-Barres<\/strong><\/td>\n<td width=\"635\">JUPC-A\/UPC-E\/JAN13(EAN13)\/JAN8(EAN8)\/CODABAR\/ITF\/CODE39\/CODE93\/CODE128, code QR<\/td>\n<\/tr>\n<tr dir=\"ltr\">\n<td width=\"226\"><strong>Vitesse d&#8217;Impression<\/strong><\/td>\n<td width=\"635\">300mm\/sec<\/td>\n<\/tr>\n<tr dir=\"ltr\">\n<td width=\"226\"><strong>Interface<\/strong><\/td>\n<td width=\"635\">Wi-Fi + USB<\/td>\n<\/tr>\n<tr dir=\"ltr\">\n<td width=\"226\"><strong>Commande d&#8217;Impression<\/strong><\/td>\n<td width=\"635\">Compatible avec les commandes ESC\/POS<\/td>\n<\/tr>\n<tr dir=\"ltr\">\n<td width=\"226\"><strong>Pilotes<\/strong><\/td>\n<td width=\"635\">Compatibles avec Win9X\/Window XP\/Win2000\/Win2003\/Win Vista\/Win 7\/Win 8\/Win10\/Linux, ESPON compatible<\/td>\n<\/tr>\n<tr dir=\"ltr\">\n<td width=\"226\"><strong>Largeur d&#8217;Impression<\/strong><\/td>\n<td width=\"635\">79.5\u00b10.5mm (largeur d&#8217;impression 72mm)<\/td>\n<\/tr>\n<tr dir=\"ltr\">\n<td width=\"226\"><strong>Diam\u00e8tre du Papier<\/strong><\/td>\n<td width=\"635\">83mm<\/td>\n<\/tr>\n<tr dir=\"ltr\">\n<td width=\"226\"><strong>\u00c9paisseur du Papier<\/strong><\/td>\n<td width=\"635\">0.06-0.08mm<\/td>\n<\/tr>\n<tr dir=\"ltr\">\n<td width=\"226\"><strong>Coupe<\/strong><\/td>\n<td width=\"635\">Cutter automatique<\/td>\n<\/tr>\n<tr dir=\"ltr\">\n<td width=\"226\"><strong>Fid\u00e9lit\u00e9 d&#8217;Impression<\/strong><\/td>\n<td width=\"635\">100km<\/td>\n<\/tr>\n<tr dir=\"ltr\">\n<td width=\"226\"><strong>Alimentation<\/strong><\/td>\n<td width=\"635\">DC24V\/2.5A<\/td>\n<\/tr>\n<tr dir=\"ltr\">\n<td width=\"226\"><strong>Temp\u00e9rature<\/strong><\/td>\n<td width=\"635\">0-45 degr\u00e9s<\/td>\n<\/tr>\n<tr dir=\"ltr\">\n<td width=\"226\"><strong>Humidit\u00e9 Relative<\/strong><\/td>\n<td width=\"635\">10-80%<\/td>\n<\/tr>\n<tr dir=\"ltr\">\n<td width=\"226\"><strong>Dimensions Externes<\/strong><\/td>\n<td width=\"635\">190*145*145 mm<\/td>\n<\/tr>\n<tr dir=\"ltr\">\n<td width=\"226\"><strong>Poids<\/strong><\/td>\n<td width=\"635\">1.60kg<\/td>\n<\/tr>\n<\/tbody>\n<\/table>\n","protected":false},"excerpt":{"rendered":"<p>D\u00e9couvrez l&#8217;<strong>Imprimante<\/strong> CS808W avec impression thermique \u00e0 ligne, Wi-Fi + USB, cutter automatique, et compatibilit\u00e9 ESC\/POS. Vitesse d&#8217;impression de 300mm\/s. Id\u00e9ale pour les re\u00e7us et codes-barres. Achetez maintenant!<\/p>\n","protected":false},"featured_media":3106,"comment_status":"open","ping_status":"closed","template":"","meta":{"_acf_changed":false},"product_brand":[],"product_cat":[65,79],"product_tag":[],"class_list":{"0":"post-3105","1":"product","2":"type-product","3":"status-publish","4":"has-post-thumbnail","6":"product_cat-hardware","7":"product_cat-printers","8":"product_shipping_class-printers","10":"entry","11":"has-media","13":"first","14":"instock","15":"taxable","16":"shipping-taxable","17":"purchasable","18":"product-type-simple","19":"has-product-nav","20":"col","21":"span_1_of_3","22":"owp-content-center","23":"owp-thumbs-layout-horizontal","24":"owp-btn-normal","25":"owp-tabs-layout-horizontal"},"acf":[],"_links":{"self":[{"href":"https:\/\/caresine.com\/caresine_new\/wp-json\/wp\/v2\/product\/3105","targetHints":{"allow":["GET"]}}],"collection":[{"href":"https:\/\/caresine.com\/caresine_new\/wp-json\/wp\/v2\/product"}],"about":[{"href":"https:\/\/caresine.com\/caresine_new\/wp-json\/wp\/v2\/types\/product"}],"replies":[{"embeddable":true,"href":"https:\/\/caresine.com\/caresine_new\/wp-json\/wp\/v2\/comments?post=3105"}],"version-history":[{"count":9,"href":"https:\/\/caresine.com\/caresine_new\/wp-json\/wp\/v2\/product\/3105\/revisions"}],"predecessor-version":[{"id":3709,"href":"https:\/\/caresine.com\/caresine_new\/wp-json\/wp\/v2\/product\/3105\/revisions\/3709"}],"wp:featuredmedia":[{"embeddable":true,"href":"https:\/\/caresine.com\/caresine_new\/wp-json\/wp\/v2\/media\/3106"}],"wp:attachment":[{"href":"https:\/\/caresine.com\/caresine_new\/wp-json\/wp\/v2\/media?parent=3105"}],"wp:term":[{"taxonomy":"product_brand","embeddable":true,"href":"https:\/\/caresine.com\/caresine_new\/wp-json\/wp\/v2\/product_brand?post=3105"},{"taxonomy":"product_cat","embeddable":true,"href":"https:\/\/caresine.com\/caresine_new\/wp-json\/wp\/v2\/product_cat?post=3105"},{"taxonomy":"product_tag","embeddable":true,"href":"https:\/\/caresine.com\/caresine_new\/wp-json\/wp\/v2\/product_tag?post=3105"}],"curies":[{"name":"wp","href":"https:\/\/api.w.org\/{rel}","templated":true}]}}